{"id":17,"date":"2022-02-01T15:22:22","date_gmt":"2022-02-01T15:22:22","guid":{"rendered":"https:\/\/9n9turkey.com\/business\/?page_id=17"},"modified":"2022-02-28T10:51:52","modified_gmt":"2022-02-28T10:51:52","slug":"contact-us","status":"publish","type":"page","link":"https:\/\/9n9turkey.com\/business\/contact-us\/","title":{"rendered":"Contact us"},"content":{"rendered":"\n\n        <div class=\"col-md-12 col-sm-12 col-xs-12 text-center\">\n            \n        <\/div>\n        <div class=\"col-md-6 col-sm-6 col-xs-12 text-center\">\n            <iframe src=\"https:\/\/www.google.com\/maps\/embed?pb=!1m18!1m12!1m3!1d3007.6306066030206!2d28.96950871541619!3d41.077066479293755!2m3!1f0!2f0!3f0!3m2!1i1024!2i768!4f13.1!3m3!1m2!1s0x0%3A0x7c24b66903dc6c13!2zNDHCsDA0JzM3LjQiTiAyOMKwNTgnMTguMSJF!5e0!3m2!1sen!2str!4v1646146594390!5m2!1sen!2str\" width=\"100%\" height=\"400\" style=\"border:0;\" allowfullscreen=\"\" loading=\"lazy\"><\/iframe>\n        <\/div>\n        <div class=\"col-md-6 col-sm-6 col-xs-12 text-center\">\n            <div class=\"row\">\n                <div class=\"col-md-12 col-sm-12 col-xs-12 text-center\">\n                    <div class=\"ctc-box border mb-2 pt-2\">\n        \t\t\t\t<span class=\"ctc-icon\">\n        \t\t\t\t\t<i class=\"bi bi-telephone-fill fs-3 text-main\" aria-hidden=\"true\"><\/i>\n        \t\t\t\t<\/span>\n        \t\t\t\t<p class=\"ltr fs-4\">+90 555 095 59 99<\/p>\n        \t\t\t\t<p class=\"ltr\"><\/p>\n        \t\t\t<\/div>\n                <\/div>\n                <div class=\"col-md-12 col-sm-12 col-xs-12 text-center\">\n                    <div class=\"ctc-box border mb-2 pt-2\">\n        \t\t\t\t<span class=\"ctc-icon\">\n        \t\t\t\t\t<i class=\"bi bi-envelope fs-3 text-main\" aria-hidden=\"true\"><\/i>\n        \t\t\t\t<\/span>\n        \t\t\t\t<p class=\"ltr fs-4\">info@9n9turkey.com<\/p>\n        \t\t\t<\/div>\n                <\/div>\n                <div class=\"col-md-12 col-sm-12 col-xs-12 text-center\">\n                    <div class=\"ctc-box border mb-2 pt-2\">\n        \t\t\t\t<span class=\"ctc-icon\">\n        \t\t\t\t\t<i class=\"bi bi-geo-alt fs-3 text-main\" aria-hidden=\"true\"><\/i>\n        \t\t\t\t<\/span>\n        \t\t\t\t<p class=\"ltr fs-4\">Ka\u011f\u0131thane Cad. Se\u00e7kin sk. Dap Vadi Z ofis No: 2-4\/A - ofis:210<\/p>\n        \t\t\t<\/div>\n                <\/div>\n            <\/div>\n        <\/div>\n    <script>\n    $(function(){\n        $(\"#pwww-cf\").submit(function(){\n            $(\"#msgs\").html(\"\u062c\u0627\u0631\u064a \u0627\u0644\u0627\u0631\u0633\u0627\u0644\");\n            $.post(\"https:\/\/9n9turkey.com\/business\/wp-content\/themes\/pw-business\/inc\/mail.php\", $(this).serialize(), function(data){\n                $(\"#msgs\").html(data);\n            }).fail(function() {\n                $(\"#msgs\").html( \"\u0644\u0642\u062f \u0641\u0634\u0644 \u0627\u0644\u0627\u0631\u0633\u0627\u0644 .. \u062d\u0627\u0648\u0644 \u0644\u0627\u062d\u0642\u0627\" );\n            });\n            return false;\n        });\n    });\n    <\/script>\n    \n","protected":false},"excerpt":{"rendered":"","protected":false},"author":1,"featured_media":51,"parent":0,"menu_order":0,"comment_status":"closed","ping_status":"closed","template":"","meta":{"_acf_changed":false,"footnotes":""},"class_list":["post-17","page","type-page","status-publish","has-post-thumbnail","hentry"],"acf":[],"_links":{"self":[{"href":"https:\/\/9n9turkey.com\/business\/wp-json\/wp\/v2\/pages\/17","targetHints":{"allow":["GET"]}}],"collection":[{"href":"https:\/\/9n9turkey.com\/business\/wp-json\/wp\/v2\/pages"}],"about":[{"href":"https:\/\/9n9turkey.com\/business\/wp-json\/wp\/v2\/types\/page"}],"author":[{"embeddable":true,"href":"https:\/\/9n9turkey.com\/business\/wp-json\/wp\/v2\/users\/1"}],"replies":[{"embeddable":true,"href":"https:\/\/9n9turkey.com\/business\/wp-json\/wp\/v2\/comments?post=17"}],"version-history":[{"count":2,"href":"https:\/\/9n9turkey.com\/business\/wp-json\/wp\/v2\/pages\/17\/revisions"}],"predecessor-version":[{"id":124,"href":"https:\/\/9n9turkey.com\/business\/wp-json\/wp\/v2\/pages\/17\/revisions\/124"}],"wp:featuredmedia":[{"embeddable":true,"href":"https:\/\/9n9turkey.com\/business\/wp-json\/wp\/v2\/media\/51"}],"wp:attachment":[{"href":"https:\/\/9n9turkey.com\/business\/wp-json\/wp\/v2\/media?parent=17"}],"curies":[{"name":"wp","href":"https:\/\/api.w.org\/{rel}","templated":true}]}}